nd 84.
84
Calculate the greatest common divisor of 2430 and 10.
10
What is the highest common divisor of 43 and 559?
43
Calculate the greatest common divisor of 416 and 21008.
208
Calculate the highest common factor of 32 and 1312.
32
What is the highest common factor of 888 and 96?
24
Calculate the greatest common divisor of 3584 and 49.
7
Calculate the highest common divisor of 42 and 1050.
42
Calculate the highest common factor of 308 and 11.
11
Calculate the highest common factor of 42 and 609.
21
What is the highest common factor of 2 and 818?
2
Calculate the highest common divisor of 61 and 488.
61
Calculate the highest common factor of 2214 and 216.
54
What is the greatest common divisor of 52 and 10608?
52
Calculate the highest common factor of 36 and 738.
18
What is the greatest common divisor of 32 and 2192?
16
What is the greatest common divisor of 570 and 114?
114
What is the highest common factor of 114 and 18?
6
Calculate the highest common factor of 13 and 299.
13
Calculate the highest common divisor of 2366 and 42.
14
What is the greatest common factor of 30644 and 94?
94
Calculate the highest common divisor of 30 and 18885.
15
What is the greatest common factor of 4246 and 176?
22
What is the highest common divisor of 654 and 24?
6
Calculate the greatest common divisor of 3250 and 6250.
250
What is the highest common factor of 3010 and 350?
70
What is the highest common factor of 46 and 207?
23
What is the greatest common factor of 980 and 32?
4
What is the greatest common divisor of 180 and 10?
10
Calculate the highest common divisor of 12 and 40.
4
What is the greatest common factor of 109 and 2725?
109
What is the greatest common factor of 16 and 2376?
8
What is the highest common factor of 35 and 22645?
35
Calculate the greatest common divisor of 162 and 6.
6
Calculate the greatest common divisor of 1012 and 9361.
253
Calculate the greatest common factor of 28 and 68.
4
Calculate the highest common divisor of 3040 and 95.
95
Calculate the greatest common divisor of 902 and 287.
41
What is the greatest common factor of 532 and 35?
7
Calculate the highest common factor of 9264 and 96.
48
What is the highest common factor of 16095 and 74?
37
Calculate the highest common divisor of 117 and 13.
13
What is the highest common divisor of 43 and 43?
43
Calculate the greatest common factor of 407 and 37.
37
What is the highest common divisor of 888 and 24?
24
What is the greatest common factor of 236 and 4?
4
Calculate the greatest common divisor of 51 and 221.
17
Calculate the highest common factor of 267 and 75.
3
What is the highest common divisor of 29280 and 32?
32
What is the greatest common factor of 468 and 208?
52
What is the greatest common factor of 48 and 84?
12
Calculate the greatest common factor of 117 and 455.
13
What is the highest common factor of 12 and 489?
3
What is the greatest common factor of 176 and 1012?
44
Calculate the highest common divisor of 64 and 2272.
32
Calculate the highest common factor of 12 and 810.
6
What is the highest common factor of 42 and 336?
42
Calculate the highest common divisor of 2279 and 817.
43
Calculate the greatest common factor of 62 and 6.
2
What is the highest common factor of 25 and 65?
5
What is the highest common factor of 40 and 50?
10
What is the highest common divisor of 562 and 12?
2
What is the highest common divisor of 1309 and 7?
7
What is the greatest common divisor of 270 and 162?
54
Calculate the highest common factor of 28556 and 236.
236
What is the highest common divisor of 1302 and 12090?
186
Calculate the greatest common divisor of 155 and 496.
31
Calculate the highest common divisor of 212 and 16430.
106
What is the highest common factor of 3584 and 112?
112
What is the highest common factor of 507 and 455?
13
What is the greatest common factor of 110 and 374?
22
What is the highest common divisor of 9 and 1188?
9
What is the greatest common factor of 235 and 376?
47
What is the greatest common factor of 6 and 339?
3
Calculate the greatest common divisor of 5424 and 12.
12
What is the highest common divisor of 54 and 11?
1
What is the highest common divisor of 650 and 208?
26
Calculate the highest common factor of 1025 and 1312.
41
What is the greatest common factor of 1664 and 78?
26
Calculate the greatest common divisor of 25 and 4575.
25
What is the greatest common divisor of 12901 and 133?
133
Calculate the greatest common divisor of 72 and 112.
8
Calculate the highest common divisor of 1568 and 80.
16
What is the highest common factor of 7356 and 84?
12
What is the highest common divisor of 17811 and 9?
9
Calculate the highest common divisor of 4500 and 1440.
180
What is the greatest common divisor of 12 and 276?
12
Calculate the highest common divisor of 207 and 483.
69
Calculate the greatest common factor of 88 and 891.
11
What is the highest common divisor of 700 and 224?
28
What is the greatest common factor of 78 and 18?
6
Calculate the highest common factor of 62 and 18.
2
What is the greatest common factor of 13 and 1287?
13
Calculate the greatest common divisor of 60 and 22.
2
What is the highest common factor of 183 and 61?
61
What is the greatest common divisor of 90 and 642?
6
What is the greatest common divisor of 1406 and 532?
38
What is the highest common divisor of 1424 and 16?
16
What is the greatest common factor of 496 and 16?
16
Calculate the highest common divisor of 75 and 105.
15
Calculate the greatest common factor of 26 and 1781.
13
What is the greatest common factor of 76290 and 30?
30
Calculate the highest common divisor of 396 and 1620.
36
What is the highest common divisor of 148 and 4?
4
Calculate the highest common factor of 52 and 2938.
26
Calculate the highest common factor of 36 and 100.
4
What is the greatest common divisor of 1428 and 7?
7
What is the greatest common divisor of 760 and 80?
40
Calculate the greatest common factor of 98 and 2.
2
What is the greatest common divisor of 75 and 195?
15
What is the highest common divisor of 24 and 24?
24
What is the greatest common factor of 1695 and 45?
15
What is the greatest common factor of 522 and 126?
18
What is the highest common factor of 242 and 418?
22
What is the highest common factor of 1520 and 80?
80
What is the greatest common factor of 111 and 629?
37
What is the highest common factor of 22 and 143?
11
Calculate the greatest common divisor of 7 and 10577.
7
What is the greatest common factor of 35 and 12?
1
What is the highest common divisor of 1872 and 585?
117
What is the greatest common divisor of 1552 and 48?
16
Calculate the greatest common factor of 7921 and 178.
89
What is the highest common factor of 40 and 110?
10
Calculate the greatest common divisor of 116 and 12.
4
Calculate the greatest common divisor of 152 and 57.
19
Calculate the greatest common factor of 156 and 3.
3
Calculate the highest common divisor of 4228 and 140.
28
Calculate the highest common factor of 7 and 7063.
7
What is the highest common divisor of 4 and 37028?
4
Calculate the greatest common divisor of 4841 and 47.
47
What is the greatest common factor of 75 and 225?
75
What is the highest common divisor of 98 and 28?
14
What is the highest common divisor of 115 and 31510?
115
Calculate the greatest common factor of 6931 and 232.
29
Calculate the highest common divisor of 82 and 4018.
82
What is the highest common divisor of 32 and 416?
32
What is the highest common divisor of 917 and 7?
7
Calculate the highest common factor of 729 and 3888.
243
Calculate the highest common factor of 2288 and 1664.
208
What is the greatest common divisor of 72 and 198?
18
Calculate the greatest common factor of 8393 and 77.
77
What is the greatest common factor of 22 and 110?
22
Calculate the highest common divisor of 88 and 143.
11
Calculate the greatest common factor of 620 and 60.
20
Calculate the highest common factor of 26 and 224.
2
What is the highest common divisor of 27 and 864?
27
What is the greatest common factor of 871 and 130?
13
What is the highest common factor of 1572 and 2?
2
What is the highest common factor of 585 and 180?
45
What is the greatest common divisor of 21885 and 15?
15
What is the greatest common divisor of 24 and 114?
6
Calculate the greatest common factor 